oes 206 divide 874882?
True
Does 10 divide 479630?
True
Does 16 divide 156640?
True
Is 4 a factor of 14604?
True
Does 252 divide 879480?
True
Is 19 a factor of 460103?
False
Does 13 divide 5422190?
False
Does 3 divide 208461?
True
Is 566440 a multiple of 245?
True
Is 146 a factor of 871912?
True
Does 31 divide 55717?
False
Is 955685 a multiple of 34?
False
Does 170 divide 437844?
False
Is 3235852 a multiple of 13?
False
Does 422 divide 7632714?
True
Is 754215 a multiple of 37?
False
Is 172 a factor of 592540?
True
Is 674344 a multiple of 388?
True
Does 111 divide 935952?
True
Does 37 divide 4739535?
False
Is 837 a factor of 1535895?
True
Is 64 a factor of 2206537?
False
Is 7155243 a multiple of 9?
True
Does 118 divide 312346?
True
Is 20 a factor of 14322203?
False
Is 376 a factor of 16994448?
True
Is 150598 a multiple of 18?
False
Is 78780 a multiple of 6?
True
Is 113 a factor of 105316?
True
Is 152214 a multiple of 4?
False
Is 8319200 a multiple of 800?
True
Does 12 divide 17881060?
False
Does 2 divide 1097?
False
Is 717 a factor of 2303721?
True
Is 107 a factor of 44263?
False
Is 148383 a multiple of 16?
False
Is 1476172 a multiple of 192?
False
Is 352 a factor of 3726272?
True
Is 7 a factor of 83661?
False
Does 960 divide 11338560?
True
Does 7 divide 2029426?
True
Is 9 a factor of 31995?
True
Does 8 divide 102401?
False
Is 72282 a multiple of 18?
False
Does 305 divide 1135820?
True
Is 627594 a multiple of 37?
True
Is 97250 a multiple of 125?
True
Is 44 a factor of 234135?
False
Does 25 divide 198350?
True
Is 11824533 a multiple of 21?
True
Does 4 divide 78636?
True
Is 147 a factor of 516411?
True
Is 309 a factor of 2124417?
False
Does 104 divide 1611064?
True
Does 15 divide 574883?
False
Does 26 divide 7964476?
True
Is 183 a factor of 188462?
False
Is 20 a factor of 143590?
False
Is 121453 a multiple of 487?
False
Is 646368 a multiple of 492?
False
Is 424 a factor of 8515585?
False
Is 1533900 a multiple of 71?
False
Is 9925256 a multiple of 48?
False
Does 31 divide 386750?
False
Does 358 divide 432464?
True
Does 57 divide 4740348?
True
Does 679 divide 1748425?
True
Is 9 a factor of 15297?
False
Is 25 a factor of 1511775?
True
Is 1000272 a multiple of 128?
False
Is 359632 a multiple of 338?
True
Is 162319 a multiple of 60?
False
Is 163 a factor of 40913?
True
Does 4 divide 42988?
True
Is 17284 a multiple of 4?
True
Is 3035715 a multiple of 14?
False
Is 856833 a multiple of 13?
False
Is 89936 a multiple of 8?
True
Does 87 divide 5395873?
False
Does 14 divide 17514000?
True
Is 229636 a multiple of 124?
False
Is 1002662 a multiple of 614?
True
Is 9656790 a multiple of 165?
True
Is 81 a factor of 4312410?
False
Is 913 a factor of 5014196?
True
Does 75 divide 173475?
True
Does 17 divide 15073?
False
Is 18351 a multiple of 9?
True
Is 167160 a multiple of 20?
True
Is 648930 a multiple of 669?
True
Is 10 a factor of 200075?
False
Does 11 divide 25828?
True
Is 1221948 a multiple of 9?
True
Does 9 divide 7592?
False
Is 909888 a multiple of 224?
True
Is 73943 a multiple of 91?
False
Is 77 a factor of 29412?
False
Is 502967 a multiple of 20?
False
Is 5608 a multiple of 6?
False
Is 891625 a multiple of 27?
False
Is 702686 a multiple of 236?
False
Is 14 a factor of 11007606?
False
Is 3740425 a multiple of 28?
False
Does 19 divide 6323447?
True
Is 126656 a multiple of 57?
False
Is 53 a factor of 20087?
True
Is 15 a factor of 10736370?
True
Is 9497990 a multiple of 154?
False
Is 1470348 a multiple of 396?
True
Does 183 divide 199104?
True
Does 421 divide 82937?
True
Is 224 a factor of 2808288?
True
Does 2 divide 935170?
True
Does 1038 divide 1002458?
False
Is 7 a factor of 4967816?
True
Is 2002476 a multiple of 7?
True
Does 26 divide 4333810?
True
Is 9303554 a multiple of 118?
False
Is 122 a factor of 205217?
False
Does 90 divide 305550?
True
Is 64283 a multiple of 61?
False
Is 225828 a multiple of 17?
True
Does 48 divide 17088?
True
Is 43 a factor of 2280160?
False
Is 251 a factor of 1572766?
True
Is 29 a factor of 223721?
False
Does 228 divide 134520?
True
Is 12 a factor of 1207344?
True
Is 29 a factor of 137721?
True
Does 134 divide 224584?
True
Is 363636 a multiple of 148?
True
Is 42304 a multiple of 7?
False
Is 4747 a multiple of 3?
False
Is 87472 a multiple of 56?
True
Is 269 a factor of 434715?
False
Does 578 divide 382422?
False
Does 49 divide 1122590?
True
Is 6 a factor of 1148628?
True
Does 715 divide 1566565?
True
Is 2423136 a multiple of 43?
True
Is 257 a factor of 3923876?
True
Is 39 a factor of 371656?
False
Does 99 divide 7989300?
True
Is 150487 a multiple of 509?
False
Does 260 divide 3035201?
False
Is 12 a factor of 150472?
False
Is 62 a factor of 850783?
False
Is 10 a factor of 140699?
False
Is 5 a factor of 13798?
False
Does 98 divide 457170?
True
Does 23 divide 136206?
True
Is 49918 a multiple of 62?
False
Does 247 divide 85816?
False
Does 92 divide 7543131?
False
Is 147 a factor of 295617?
True
Is 364 a factor of 3903172?
True
Does 21 divide 1613957?
False
Is 213 a factor of 393853?
False
Does 113 divide 477191?
False
Is 250667 a multiple of 5?
False
Does 461 divide 14291?
True
Is 126387 a multiple of 5?
False
Does 16 divide 6955140?
False
Is 78 a factor of 615264?
True
Is 21155218 a multiple of 14?
True
Does 97 divide 52768?
True
Is 3652270 a multiple of 185?
True
Is 73766 a multiple of 11?
True
Is 107 a factor of 150442?
True
Is 63 a factor of 946071?
True
Is 717 a factor of 1978248?
False
Is 2587791 a multiple of 17?
True
Does 331 divide 39572?
False
Is 164872 a multiple of 15?
False
Does 32 divide 15769?
False
Is 14524195 a multiple of 13?
False
Is 86 a factor of 1634688?
True
Does 6 divide 2177988?
True
Does 399 divide 2093553?
True
Does 720 divide 5333760?
True
Is 141 a factor of 682017?
True
Does 3 divide 256946?
False
Is 56835 a multiple of 9?
True
Does 8 divide 26136?
True
Does 73 divide 6962886?
True
Is 16596 a multiple of 15?
False
Is 504422 a multiple of 39?
False
Does 12 divide 2263536?
True
Does 51 divide 2509200?
True
Does 223 divide 171710?
True
Is 14 a factor of 2074478?
True
Is 34 a factor of 82280?
True
Is 44 a factor of 4103924?
True
Is 259040 a multiple of 80?
True
Does 19 divide 978272?
True
Is 429 a factor of 6176313?
True
Does 16 divide 453303?
False
Is 666 a factor of 783567?
False
Is 7 a factor of 385057?
False
Is 81 a factor of 81320?
False
Does 990 divide 1459748?
False
Is 37 a factor of 65610?
False
Does 34 divide 2119846?
False
Is 122559 a multiple of 118?
False
Is 276111 a multiple of 22?
False
Does 57 divide 220533?
True
Is 3 a factor of 157746?
True
Is 770 a factor of 5856996?
False
Is 2955824 a multiple of 4?
True
Is 14 a factor of 586808?
False
Is 37 a factor of 1053945?
True
Is 245 a factor of 644449?
False
Is 7 a factor of 37661?
False
Is 186720 a multiple of 389?
True
Does 6 divide 1942020?
True
Is 7920 a multiple of 44?
True
Is 33 a factor of 35607?
True
Does 6 divide 94998?
True
Does 6 divide 964045?
False
Does 14 divide 28546?
True
Is 17317 a multiple of 312?
False
Is 2004 a factor of 7390923?
False
Does 120 divide 1076271?
False
Does 144 divide 606528?
True
Is 922080 a multiple of 233?
False
Does 147 divide 665763?
True
Is 58700 a multiple of 80?
False
Is 22331 a multiple of 43?
False
Is 428 a factor of 111280?
True
Is 13 a factor of 625300?
True
Is 17 a factor of 87595?
False
Does 48 divide 842784?
True
Does 43 divide 2611777?
True
Is 361680 a multiple of 165?
True
Does 29 divide 444367?
True
Is 133035 a multiple of 35?
True
Does 4 divide 706072?
True
Does 24 divide 195720?
True
Does 295 divide 437351?
False
Is 7 a factor of 269892?
True
Is 60 a factor of 63780?
True
Is 223 a factor of 20200950?
False
Does 21 divide 246387?
False
Is 5 a factor of 195598?
False
Is 905 a factor of 876040?
True
Is 128 a factor of 128966?
False
Is 4890 a multiple of 6?
True
Is 206995 even?
False
Is 192 a factor of 103221?
False
Is 437 a factor of 8375?
False
Is 285876 a multiple of 4?
True
Is 6 a factor of 4002946?
False
Does 385 divide 7613375?
True
Is 61215 a multiple of 77?
True
Does 3 divide 51518?
False
Is 31 a factor of 67309?
False
Is 159087 a multiple of 10?
False
Is 401460 a multiple of 20?
True
Does 40 divide 517840?
True
Does 206 divide 59901?
False
Does 3 divide 35329?
False
Is 9 a factor of 232057